ided by h?
21
Let q(h) = h**2 + 13*h - 14. Let m be q(-13). Let w be (-82)/(-3 - m/6). Let v = w + -70. What is the remainder when 103 is divided by v?
50
Let j(u) = u**3 + 8*u**2 + 15*u + 98. Suppose -4*b = -110 - 2. Calculate the remainder when j(-6) is divided by b.
24
Let x(r) be the first derivative of -11/3*r**3 - 1/4*r**4 - 26*r - 4*r**2 - 10. What is the remainder when x(-11) is divided by 21?
20
Suppose -9*l - 87 = -6*l. Let q(i) = i + 73. Calculate the remainder when q(l) is divided by 41.
3
Let t(v) = v**3 + 2*v**2 - 19*v - 39. Let c(s) = 2*s**2 - 18*s + 12. Let g be c(8). Calculate the remainder when 22 is divided by t(g).
2
Let a = 29 - 14. Let f = -12 + a. Suppose -264 = -5*m - 3*v, -f*m + 2*m = 5*v - 44. Calculate the remainder when m is divided by 29.
25
Let z(b) = -b**3 - b**2 + 10. Let n(o) = -o**3 + 5*o**2 - 5*o + 6. Let k be n(3). What is the remainder when (-4)/18 + 236/k is divided by z(0)?
6
Let n(b) be the third derivative of b**4/24 + 11*b**3/3 - 6*b**2. Suppose 10*a - 11*a = -131. Calculate the remainder when a is divided by n(0).
21
Let v(w) = -5 - 67*w + 70*w + 22. Let l = -205 - -287. Calculate the remainder when l is divided by v(0).
14
What is the remainder when (-4950)/720*4*-2 is divided by 43?
12
Let j = 38 - 34. Suppose 0 = j*a - 102 - 26. Calculate the remainder when a is divided by 9.
5
Suppose 5*j - 939 = -2959. Let c = -287 - j. Let d = -37330 + 37345. Calculate the remainder when c is divided by d.
12
Let y = 13 - 18. Suppose l - 14 - 3 = 0. Calculate the remainder when l is divided by y/25*8*-5.
1
Suppose 3*w - 380 = -2*w. Let b = -280 - -262. Calculate the remainder when w is divided by 36 + (12/b - 14/(-3)).
36
Suppose 3*c - 161 = -4*c. Suppose c*g = 21*g + 54. Calculate the remainder when g is divided by 6.
3
Let h = 19 - 13. Suppose c + 3*c = 240. Let a = 68 - c. What is the remainder when a is divided by h?
2
Let n = -103 - -28. Let q = -20 - n. Let l(v) = -v**2 - 15*v + 14. What is the remainder when q is divided by l(-14)?
27
Suppose 88513 - 14073 + 101425 = 85*g. Calculate the remainder when g is divided by 23.
22
Let b(g) = -5*g**2 + g + 101. Let j be b(7). Let a = 179 + j. Calculate the remainder when a is divided by 19.
4
Suppose -1755 = -4*z - 4*d + 341, -20 = 10*d. What is the remainder when z is divided by 5?
1
Let s be 24/(-40)*25/(-3). Calculate the remainder when 43 is divided by 24/s*280/42.
11
Let f = -292 + 264. Let r(h) = h**3 + 27*h**2 - 29*h + 42. What is the remainder when r(f) is divided by 26?
18
Let n(f) = 3*f**2 + 244*f + 3923. What is the remainder when 788 is divided by n(-20)?
59
Suppose -5*u - 21 = -6*u. Suppose -3*y - 4*w = -384, 26*w - 499 = -4*y + 25*w. Calculate the remainder when y is divided by u.
19
Let p be (1 - 8 - -5) + (613 - -1). Let y = -164 + p. Calculate the remainder when y is divided by 18.
16
Let l = -598 - -613. Calculate the remainder when l is divided by 25/5 + 0 + 0 + 0.
0
Let v(f) = 38*f + 54. Let o(s) = -13*s + 4. Suppose 6*u - 2 + 20 = 0. Calculate the remainder when o(u) is divided by v(-1).
11
Let f = 33669 - 33435. What is the remainder when 290 is divided by f?
56
Suppose -u - 3*b + 355 = 2*b, 5*u - 1755 = -5*b. What is the remainder when 1*23 - (4 + -3) is divided by ((-32)/(-20))/(28/u)?
2
Suppose 4*d - 3*f - 76 = 0, -d + 2*d = 3*f + 28. Let z(c) = -9*c**3 + 3*c**2 - 2. What is the remainder when z(-3) is divided by d?
12
Let c = 6108 - 6020. What is the remainder when c is divided by 60?
28
Let a(f) = 3*f**2 - 12*f + 36. Let c be a(7). Suppose -6*m = -c - 459. What is the remainder when m is divided by -16*(3/12 + -1)?
9
Let n = 548 - 278. Let s = n + -257. What is the remainder when 256 is divided by s?
9
Let w be ((-204)/(-9))/(-6 - 110/(-18)). Suppose -b + w = 5*b. Calculate the remainder when b is divided by (-2 - -1)/(2/(-18)).
7
Suppose 0 = -108*v + 103*v + 3035. Calculate the remainder when v is divided by 41.
33
Suppose 3*m + 32 = m. Let j = m - -20. Suppose j*s - 270 = -2*g, 4*g + 4*s - 524 = -0*g. What is the remainder when g is divided by 32?
31
Let v = -12729 + 13071. Calculate the remainder when 2053 is divided by v.
1
Suppose -5*m + 138 = -4*n, 4*m + 5*n - 74 = 102. What is the remainder when m is divided by ((-2)/(-6))/((-6)/(-162))?
7
Suppose -25*r = -1158 + 58. Suppose -r = -15*p + 91. What is the remainder when 116 is divided by p?
8
Let d = -3347 - -3364. What is the remainder when 7596 is divided by d?
14
Suppose -3*q + 72 = -0*q. Suppose 156 = -27*y - 87. Let n(t) = 2*t**2 + 5*t - 25. Calculate the remainder when n(y) is divided by q.
20
Let i be (-112)/(-42) + 15254/(-3). What is the remainder when 49 is divided by i/(-176) + (-1)/(-8)?
20
Let o(z) = -z**3 - 26*z**2 - 73*z - 24. Suppose -2 + 4 = 2*a, -3*g - 5*a = -74. Calculate the remainder when o(-23) is divided by g.
22
Suppose -11*q - 250 = -5*u, -141 = -6*u + 2*u - 3*q. Calculate the remainder when 123 is divided by u.
6
Suppose -6*g - 2*g + 32 = 0. Suppose p - 655 = -g*p. Calculate the remainder when p is divided by 19.
17
Suppose 4*f = -4*h + 20, -9*f + 5*f = 5*h - 17. Let v(x) = -x - 7. Let a be v(5). What is the remainder when (-74 - a)*(-1)/2 is divided by f?
7
Let d(w) = -84*w - 11. Let i be d(3). Let s = i - -279. What is the remainder when 31 is divided by s?
15
Let a be -4*(-52)/32 + (-3)/2. Suppose f = 3*f - a*f. Suppose 15*g - 4*g - 264 = f. What is the remainder when 112 is divided by g?
16
Suppose -4*y = -4, -3*i + 921 - 25 = 5*y. Let q be i/24*(-8)/6*-6. Suppose -5*f - q = -224. What is the remainder when f is divided by 14?
11
Let g = -9077 - -9102. Calculate the remainder when 596 is divided by g.
21
Let c(x) = 5*x**2 - 6*x - 60. Let f be c(8). Suppose 9*u = f + 94. What is the remainder when u is divided by -1 + 1 + (11 - 1)?
4
Let s = -1277 + 1282. Let y be 2 + (2/2)/(-1). Suppose -3*g = -3*l - 2*g + 11, -s*g - y = 3*l. What is the remainder when 4 is divided by l?
1
Let y(t) = -2*t**2 - 11*t - 10. Let n be y(-3). Suppose 0 = n*s + 13*s - 144. Calculate the remainder when 9 is divided by s.
1
Let f be -2*(-24)/15 + 3/(-15). What is the remainder when 3*67/f*1 is divided by ((10 + -1)*2)/(0 + 1)?
13
Suppose -3*l + 8 = -2*k, 0 = 2*k - 16*l + 12*l + 12. What is the remainder when ((-632)/(-16) - 6)*k is divided by 26?
15
Let p = -4 - 361. Let b = p + 424. What is the remainder when 213 is divided by b?
36
Let s = 74 - 114. Let f = -18 - s. Calculate the remainder when 26*(5 + 0 + -2) is divided by f.
12
Let v(z) = -z**3 - 39*z**2 + 80*z - 15. Calculate the remainder when 395 is divided by v(-41).
60
Let u = -303 + 483. Suppose 172 + u = 8*f. Calculate the remainder when 263 is divided by f.
43
Let s = 1457 - 796. Calculate the remainder when s is divided by ((-4)/(-9))/((-452)/(-17289)).
15
What is the remainder when 945/(-12)*416/(-78) is divided by 107?
99
Let a(j) be the third derivative of 16*j**6/15 + j**5/20 - j**4/3 + 7*j**3/6 - 127*j**2. What is the remainder when a(1) is divided by 45?
40
Let b be (2/(-8))/((18/(-104))/9). Suppose b*n - 15*n = -216. What is the remainder when n is divided by 10 + (5 - (-20)/(-5))?
9
Let d = 11724 - 11550. What is the remainder when d is divided by 63?
48
Suppose 0 = -67*j + 62*j - y + 2418, -4*y = 2*j - 978. Calculate the remainder when 486 is divided by j.
3
Suppose 4*t - 6 = 6*t. Suppose 121 = 9*d - 770. What is the remainder when d is divided by ((-25)/10 - t)*40?
19
Let y = 28 + -8. Let l(p) = 8*p - 58. Suppose -2*k = -6*k + 140. What is the remainder when l(y) is divided by k?
32
Let o(s) = 4*s**3 + 4*s**2 - 5*s. Suppose -17424 = -78*t - 8850 + 14982. What is the remainder when t is divided by o(2)?
36
Suppose -528 = 129*d - 151*d. Let y(a) = a**3 + 14*a**2 + 5*a + 11. Calculate the remainder when y(-13) is divided by d.
19
Let f(m) = -4*m + 20. Let d be f(3). Suppose -6*v + t = -2*v - 20, 2*t - d = 0. What is the remainder when 17 is divided by v?
5
Let q = 62 + -62. Suppose q = -3*w + 15, -5*w - 48 = -4*r + 15. Calculate the remainder when 109 is divided by r.
21
Let j = 173 + -167. Calculate the remainder when -3*1704/96*(-8)/j is divided by 39.
32
Suppose 0 = 3*q - 4*q - 3*r - 1, 5*r = -2*q. Suppose -g - q*p + 6 = -2*p, -5*g + 43 = 2*p. Let z = 21 - g. What is the remainder when 33 is divided 